{"id":3554,"date":"2017-04-24T09:34:44","date_gmt":"2017-04-24T09:34:44","guid":{"rendered":"http:\/\/haksen.org.tr\/?page_id=3554"},"modified":"2025-12-07T13:11:30","modified_gmt":"2025-12-07T10:11:30","slug":"uye-sendikalar","status":"publish","type":"page","link":"https:\/\/haksen.org.tr\/?page_id=3554","title":{"rendered":"\u00dcye Sendikalar"},"content":{"rendered":"<p>&nbsp;<\/p>\n<table border=\"0\" width=\"750px\" cellspacing=\"2\" cellpadding=\"2\">\n<tbody>\n<tr>\n<td width=\"130px\">\n<div align=\"center\"><img decoding=\"async\" src=\"http:\/\/haksen.org.tr\/imgs\/logo\/kucuk\/468597412.gif\" \/><\/div>\n<\/td>\n<td width=\"600px\">\n<table border=\"0\" width=\"100%\" cellspacing=\"0\" cellpadding=\"0\">\n<tbody>\n<tr>\n<td width=\"13%\"><strong>K\u0131sa Ad<\/strong><\/td>\n<td width=\"87%\">B\u00fcro Hak-Sen<\/td>\n<\/tr>\n<tr>\n<td><strong>A\u00e7\u0131k Ad<\/strong><\/td>\n<td>B\u00fcro \u00c7al\u0131\u015fanlar\u0131 Hak Sendikas\u0131<\/td>\n<\/tr>\n<tr>\n<td><strong>Website<\/strong><\/td>\n<td><a href=\"http:\/\/www.burohaksen.org.tr\/\" target=\"_blank\" rel=\"noopener noreferrer\">www.burohaksen.org.tr<\/a><\/td>\n<\/tr>\n<tr>\n<td><strong>Adres<\/strong><\/td>\n<td>GMK Bulvar\u0131 31\/10 Kat: 5 \u00c7ankaya \/ ANKARA<\/td>\n<\/tr>\n<tr>\n<td><strong>Telefon<\/strong><\/td>\n<td>0312 2290325<\/td>\n<\/tr>\n<tr>\n<td><strong>Faks<\/strong><\/td>\n<td>0312 2290326<\/td>\n<\/tr>\n<tr>\n<td><strong>E-posta<\/strong><\/td>\n<td>iletisim@burohaksen.org.tr<\/td>\n<\/tr>\n<\/tbody>\n<\/table>\n<table align=\"center\">\n<tbody>\n<tr>\n<td>\u00a0<\/td>\n<\/tr>\n<\/tbody>\n<\/table>\n<\/td>\n<\/tr>\n<\/tbody>\n<\/table>\n<table border=\"0\" width=\"750px\" cellspacing=\"2\" cellpadding=\"2\">\n<tbody>\n<tr>\n<td width=\"130px\">\n<div align=\"center\"><img decoding=\"async\" src=\"http:\/\/haksen.org.tr\/imgs\/logo\/kucuk\/539062500.gif\" \/><\/div>\n<\/td>\n<td width=\"600px\">\n<table border=\"0\" width=\"100%\" cellspacing=\"0\" cellpadding=\"0\">\n<tbody>\n<tr>\n<td width=\"13%\"><strong>K\u0131sa Ad<\/strong><\/td>\n<td width=\"87%\">E\u011fitim Hak-Sen<\/td>\n<\/tr>\n<tr>\n<td><strong>A\u00e7\u0131k Ad<\/strong><\/td>\n<td>E\u011fitim, \u00d6\u011fretim ve Bilim \u00c7al\u0131\u015fanlar\u0131 Hak Sendikas\u0131<\/td>\n<\/tr>\n<tr>\n<td><strong>Website<\/strong><\/td>\n<td><a href=\"http:\/\/www.egitimhaksen.org.tr\/\" target=\"_blank\" rel=\"noopener noreferrer\">www.egitimhaksen.org.tr<\/a><\/td>\n<\/tr>\n<tr>\n<td><strong>Adres<\/strong><\/td>\n<td>K\u00fclt\u00fcr Mah. Y\u00fcksel Cad. No:28\/9\/ \u00c7ankaya\/ANKARA<\/td>\n<\/tr>\n<tr>\n<td><strong>Telefon<\/strong><\/td>\n<td>0312 231 2 231<\/td>\n<\/tr>\n<tr>\n<td><strong>Faks<\/strong><\/td>\n<td>0312 231 2 231<\/td>\n<\/tr>\n<tr>\n<td><strong>E-posta<\/strong><\/td>\n<td>egitimhaksengenelmerkezi@hotmail.com<\/td>\n<\/tr>\n<\/tbody>\n<\/table>\n<table align=\"center\">\n<tbody>\n<tr>\n<td>\u00a0<\/td>\n<\/tr>\n<\/tbody>\n<\/table>\n<\/td>\n<\/tr>\n<\/tbody>\n<\/table>\n<table border=\"0\" width=\"750px\" cellspacing=\"2\" cellpadding=\"2\">\n<tbody>\n<tr>\n<td width=\"130px\"><img loading=\"lazy\" decoding=\"async\" class=\"wp-image-5487 aligncenter\" src=\"https:\/\/haksen.org.tr\/wp-content\/uploads\/2024\/11\/diyanet.jpg\" alt=\"\" width=\"114\" height=\"113\" srcset=\"https:\/\/haksen.org.tr\/wp-content\/uploads\/2024\/11\/diyanet.jpg 200w, https:\/\/haksen.org.tr\/wp-content\/uploads\/2024\/11\/diyanet-150x150.jpg 150w\" sizes=\"auto, (max-width: 114px) 100vw, 114px\" \/><\/td>\n<td width=\"600px\">\n<table border=\"0\" width=\"100%\" cellspacing=\"0\" cellpadding=\"0\">\n<tbody>\n<tr>\n<td width=\"13%\"><strong>K\u0131sa Ad<\/strong><\/td>\n<td width=\"87%\">Diyanet Hak Sendikas\u0131<\/td>\n<\/tr>\n<tr>\n<td><strong>A\u00e7\u0131k Ad<\/strong><\/td>\n<td>Diyanet ve Vak\u0131f Hizmetleri Hak Sendikas\u0131<\/td>\n<\/tr>\n<tr>\n<td><strong>Website<\/strong><\/td>\n<td>\u00a0<\/td>\n<\/tr>\n<tr>\n<td><strong>Adres<\/strong><\/td>\n<td>GMK Bulvar\u0131 G\u00fcrakan Apartman\u0131 No:31\/10 Kat:5 \u00c7ankaya\/ANKARA<\/td>\n<\/tr>\n<tr>\n<td><strong>Telefon<\/strong><\/td>\n<td>0312 229 03 25<\/td>\n<\/tr>\n<tr>\n<td><strong>Faks<\/strong><\/td>\n<td>0312 229 03 26<\/td>\n<\/tr>\n<tr>\n<td><strong>E-posta<\/strong><\/td>\n<td>diynethaksen1@gmail.com<\/td>\n<\/tr>\n<\/tbody>\n<\/table>\n<table align=\"center\">\n<tbody>\n<tr>\n<td>\u00a0<\/td>\n<\/tr>\n<\/tbody>\n<\/table>\n<\/td>\n<\/tr>\n<\/tbody>\n<\/table>\n<table style=\"height: 219px;\" border=\"0\" width=\"757\" cellspacing=\"2\" cellpadding=\"2\">\n<tbody>\n<tr>\n<td width=\"130px\">\n<div align=\"center\"><img loading=\"lazy\" decoding=\"async\" class=\"alignnone  wp-image-5598\" src=\"https:\/\/haksen.org.tr\/wp-content\/uploads\/2025\/06\/yerel-300x297.jpg\" alt=\"\" width=\"131\" height=\"129\" srcset=\"https:\/\/haksen.org.tr\/wp-content\/uploads\/2025\/06\/yerel-300x297.jpg 300w, https:\/\/haksen.org.tr\/wp-content\/uploads\/2025\/06\/yerel-1024x1015.jpg 1024w, https:\/\/haksen.org.tr\/wp-content\/uploads\/2025\/06\/yerel-768x761.jpg 768w, https:\/\/haksen.org.tr\/wp-content\/uploads\/2025\/06\/yerel-696x690.jpg 696w, https:\/\/haksen.org.tr\/wp-content\/uploads\/2025\/06\/yerel-1068x1058.jpg 1068w, https:\/\/haksen.org.tr\/wp-content\/uploads\/2025\/06\/yerel-424x420.jpg 424w, https:\/\/haksen.org.tr\/wp-content\/uploads\/2025\/06\/yerel.jpg 1308w\" sizes=\"auto, (max-width: 131px) 100vw, 131px\" \/><\/div>\n<\/td>\n<td width=\"600px\">\n<table style=\"height: 191px;\" border=\"0\" width=\"615\" cellspacing=\"0\" cellpadding=\"0\">\n<tbody>\n<tr>\n<td width=\"13%\"><strong>K\u0131sa Ad<\/strong><\/td>\n<td width=\"87%\">Yeni Yerel-Sen<\/td>\n<\/tr>\n<tr>\n<td><strong>A\u00e7\u0131k Ad<\/strong><\/td>\n<td>Yeni Yerel Y\u00f6netim \u00c7al\u0131\u015fanlar\u0131 Sendikas\u0131<\/td>\n<\/tr>\n<tr>\n<td><strong>Website<\/strong><\/td>\n<td>www.yeniyerelsen.org.tr<\/td>\n<\/tr>\n<tr>\n<td><strong>Adres<\/strong><\/td>\n<td>GMK Bulvar\u0131 31\/10 Kat: 5 \u00c7ankaya \/ ANKARA<\/td>\n<\/tr>\n<tr>\n<td><strong>Telefon<\/strong><\/td>\n<td>0312 229 03 25<\/td>\n<\/tr>\n<tr>\n<td><strong>Faks<\/strong><\/td>\n<td>0312 229 03 26<\/td>\n<\/tr>\n<tr>\n<td><strong>E-posta<\/strong><\/td>\n<td>yeniyerelsen@yeniyerelsen.org.tr<\/td>\n<\/tr>\n<\/tbody>\n<\/table>\n<table align=\"center\">\n<tbody>\n<tr>\n<td>\u00a0<\/td>\n<\/tr>\n<\/tbody>\n<\/table>\n<\/td>\n<\/tr>\n<\/tbody>\n<\/table>\n<table border=\"0\" width=\"750px\" cellspacing=\"2\" cellpadding=\"2\">\n<tbody>\n<tr>\n<td width=\"130px\">\n<div align=\"center\"><img decoding=\"async\" src=\"http:\/\/haksen.org.tr\/imgs\/logo\/kucuk\/881805419.gif\" \/><\/div>\n<\/td>\n<td width=\"600px\">\n<table border=\"0\" width=\"100%\" cellspacing=\"0\" cellpadding=\"0\">\n<tbody>\n<tr>\n<td width=\"13%\"><strong>K\u0131sa Ad<\/strong><\/td>\n<td width=\"87%\">Haber Hak-Sen<\/td>\n<\/tr>\n<tr>\n<td><strong>A\u00e7\u0131k Ad<\/strong><\/td>\n<td>Bas\u0131n, Yay\u0131n, \u0130leti\u015fim ve Posta \u00c7al\u0131\u015fanlar\u0131 Hak Sendikas\u0131<\/td>\n<\/tr>\n<tr>\n<td><strong>Website<\/strong><\/td>\n<td><a href=\"http:\/\/www.haberhaksen.org.tr\/\" target=\"_blank\" rel=\"noopener noreferrer\">www.haberhaksen.org.tr<\/a><\/td>\n<\/tr>\n<tr>\n<td><strong>Adres<\/strong><\/td>\n<td>Gazi Mustafa Kemal Bulvar\u0131 No:31\/10 Kat:5 \u00c7ankaya \/ ANKARA<\/td>\n<\/tr>\n<tr>\n<td><strong>Telefon<\/strong><\/td>\n<td>0312 229 03 25<\/td>\n<\/tr>\n<tr>\n<td><strong>Faks<\/strong><\/td>\n<td>0312 229 03 26<\/td>\n<\/tr>\n<tr>\n<td><strong>E-posta<\/strong><\/td>\n<td>iletisim@haksen.org.tr<\/td>\n<\/tr>\n<\/tbody>\n<\/table>\n<table align=\"center\">\n<tbody>\n<tr>\n<td>\u00a0<\/td>\n<\/tr>\n<\/tbody>\n<\/table>\n<\/td>\n<\/tr>\n<\/tbody>\n<\/table>\n<table border=\"0\" width=\"750px\" cellspacing=\"2\" cellpadding=\"2\">\n<tbody>\n<tr>\n<td width=\"130px\">\n<div align=\"center\"><img decoding=\"async\" src=\"http:\/\/haksen.org.tr\/imgs\/logo\/kucuk\/384155273.gif\" \/><\/div>\n<\/td>\n<td width=\"600px\">\n<table border=\"0\" width=\"100%\" cellspacing=\"0\" cellpadding=\"0\">\n<tbody>\n<tr>\n<td width=\"13%\"><strong>K\u0131sa Ad<\/strong><\/td>\n<td width=\"87%\">\u0130mar Hak-Sen<\/td>\n<\/tr>\n<tr>\n<td><strong>A\u00e7\u0131k Ad<\/strong><\/td>\n<td>\u0130mar \u00c7al\u0131\u015fanlar\u0131 Hak Sendikas\u0131<\/td>\n<\/tr>\n<tr>\n<td><strong>Website<\/strong><\/td>\n<td><a href=\"http:\/\/www.imarhaksen.org.tr\/\" target=\"_blank\" rel=\"noopener noreferrer\">www.imarhaksen.org.tr<\/a><\/td>\n<\/tr>\n<tr>\n<td><strong>Adres<\/strong><\/td>\n<td>Gazi Mustafa Kemal Bulvar\u0131 No:31\/10 Kat:5 \u00c7ankaya \/ ANKARA<\/td>\n<\/tr>\n<tr>\n<td><strong>Telefon<\/strong><\/td>\n<td>0312 229 03 25<\/td>\n<\/tr>\n<tr>\n<td><strong>Faks<\/strong><\/td>\n<td>0312 229 03 26<\/td>\n<\/tr>\n<tr>\n<td><strong>E-posta<\/strong><\/td>\n<td>iletisim@haksen.org.tr<\/td>\n<\/tr>\n<\/tbody>\n<\/table>\n<\/td>\n<\/tr>\n<\/tbody>\n<\/table>\n<table border=\"0\" width=\"750px\" cellspacing=\"2\" cellpadding=\"2\">\n<tbody>\n<tr>\n<td width=\"130px\">\n<div align=\"center\"><img decoding=\"async\" src=\"http:\/\/haksen.org.tr\/imgs\/logo\/kucuk\/475891113.jpg\" \/><\/div>\n<\/td>\n<td width=\"600px\">\n<table border=\"0\" width=\"100%\" cellspacing=\"0\" cellpadding=\"0\">\n<tbody>\n<tr>\n<td width=\"13%\"><strong>K\u0131sa Ad<\/strong><\/td>\n<td width=\"87%\">Udem Hak-Sen<\/td>\n<\/tr>\n<tr>\n<td><strong>A\u00e7\u0131k Ad<\/strong><\/td>\n<td>Ula\u015ft\u0131rma ve Demiryolu \u00c7al\u0131\u015fanlar\u0131 Hak Sendikas\u0131<\/td>\n<\/tr>\n<tr>\n<td><strong>Website<\/strong><\/td>\n<td><a href=\"http:\/\/www.udemhaksen.org.tr\/\" target=\"_blank\" rel=\"noopener noreferrer\">www.udemhaksen.org.tr<\/a><\/td>\n<\/tr>\n<tr>\n<td><strong>Adres<\/strong><\/td>\n<td>Gazi Mustafa Kemal Bulvar\u0131 No:31\/10 Kat:5 \u00c7ankaya\/ANKARA<\/td>\n<\/tr>\n<tr>\n<td><strong>Telefon<\/strong><\/td>\n<td>0312 229 03 25<\/td>\n<\/tr>\n<tr>\n<td><strong>Faks<\/strong><\/td>\n<td>0312 229 03 26<\/td>\n<\/tr>\n<tr>\n<td><strong>E-posta<\/strong><\/td>\n<td>iletisim@haksen.org.tr<\/td>\n<\/tr>\n<\/tbody>\n<\/table>\n<table align=\"center\">\n<tbody>\n<tr>\n<td>\u00a0<\/td>\n<\/tr>\n<\/tbody>\n<\/table>\n<\/td>\n<\/tr>\n<\/tbody>\n<\/table>\n<table border=\"0\" width=\"750px\" cellspacing=\"2\" cellpadding=\"2\">\n<tbody>\n<tr>\n<td width=\"130px\">\n<div align=\"center\"><img decoding=\"async\" src=\"http:\/\/haksen.org.tr\/imgs\/logo\/kucuk\/449523925.gif\" \/><\/div>\n<\/td>\n<td width=\"600px\">\n<table border=\"0\" width=\"100%\" cellspacing=\"0\" cellpadding=\"0\">\n<tbody>\n<tr>\n<td width=\"13%\"><strong>K\u0131sa Ad<\/strong><\/td>\n<td width=\"87%\">To\u00e7 Hak-Sen<\/td>\n<\/tr>\n<tr>\n<td><strong>A\u00e7\u0131k Ad<\/strong><\/td>\n<td>Tar\u0131m Orman ve \u00c7evre Hak Sendikas\u0131<\/td>\n<\/tr>\n<tr>\n<td><strong>Website<\/strong><\/td>\n<td><a href=\"http:\/\/www.tochaksen.tr\/\" target=\"_blank\" rel=\"noopener noreferrer\">www.tochaksen.tr<\/a><\/td>\n<\/tr>\n<tr>\n<td><strong>Adres<\/strong><\/td>\n<td>Gazi Mustafa Kemal Bulvar\u0131 No:31\/10 Kat:5 \u00c7ankaya \/ ANKARA<\/td>\n<\/tr>\n<tr>\n<td><strong>Telefon<\/strong><\/td>\n<td>0312 229 03 25<\/td>\n<\/tr>\n<tr>\n<td><strong>Faks<\/strong><\/td>\n<td>0312 229 03 26<\/td>\n<\/tr>\n<tr>\n<td><strong>E-posta<\/strong><\/td>\n<td>toc-sen@hotmail.com<\/td>\n<\/tr>\n<\/tbody>\n<\/table>\n<table align=\"center\">\n<tbody>\n<tr>\n<td>\u00a0<\/td>\n<\/tr>\n<\/tbody>\n<\/table>\n<\/td>\n<\/tr>\n<\/tbody>\n<\/table>\n<table style=\"height: 228px;\" border=\"0\" width=\"1071\" cellspacing=\"2\" cellpadding=\"2\">\n<tbody>\n<tr>\n<td width=\"130px\">\n<div align=\"center\"><img decoding=\"async\" src=\"http:\/\/haksen.org.tr\/imgs\/logo\/kucuk\/62164306.gif\" \/><\/div>\n<\/td>\n<td width=\"600px\">\n<table style=\"height: 189px;\" border=\"0\" width=\"598\" cellspacing=\"0\" cellpadding=\"0\">\n<tbody>\n<tr>\n<td width=\"13%\"><strong>K\u0131sa Ad<\/strong><\/td>\n<td width=\"87%\">Enerji Hak-Sen<\/td>\n<\/tr>\n<tr>\n<td><strong>A\u00e7\u0131k Ad<\/strong><\/td>\n<td>Enerji, Sanayi ve Madencilik \u00c7al\u0131\u015fanlar\u0131 Hak Sendikas\u0131<\/td>\n<\/tr>\n<tr>\n<td><strong>Website<\/strong><\/td>\n<td><a href=\"http:\/\/www.enerjihaksen.org.tr\/\" target=\"_blank\" rel=\"noopener noreferrer\">www.enerjihaksen.org.tr<\/a><\/td>\n<\/tr>\n<tr>\n<td><strong>Adres<\/strong><\/td>\n<td>Gazi Mustafa Kemal Bulvar\u0131 No:31\/10 Kat:5 \u00c7ankaya \/ ANKARA<\/td>\n<\/tr>\n<tr>\n<td><strong>Telefon<\/strong><\/td>\n<td>0312 229 03 25<\/td>\n<\/tr>\n<tr>\n<td><strong>Faks<\/strong><\/td>\n<td>0312 229 03 26<\/td>\n<\/tr>\n<tr>\n<td><strong>E-posta<\/strong><\/td>\n<td>iletisim@haksen.org.tr<\/td>\n<\/tr>\n<\/tbody>\n<\/table>\n<table style=\"height: 21px;\" width=\"830\" align=\"center\">\n<tbody>\n<tr>\n<td>\u00a0<\/td>\n<\/tr>\n<\/tbody>\n<\/table>\n<\/td>\n<\/tr>\n<\/tbody>\n<\/table>\n<table border=\"0\" width=\"750px\" cellspacing=\"2\" cellpadding=\"2\">\n<tbody>\n<tr>\n<td width=\"130px\">\n<div align=\"center\"><img decoding=\"async\" src=\"http:\/\/haksen.org.tr\/imgs\/logo\/kucuk\/65813472.jpg\" \/><\/div>\n<\/td>\n<td width=\"600px\">\n<table border=\"0\" width=\"100%\" cellspacing=\"0\" cellpadding=\"0\">\n<tbody>\n<tr>\n<td width=\"13%\"><strong>K\u0131sa Ad<\/strong><\/td>\n<td width=\"87%\">K\u00fclt\u00fcr Hak-Sen<\/td>\n<\/tr>\n<tr>\n<td><strong>A\u00e7\u0131k Ad<\/strong><\/td>\n<td>K\u00fclt\u00fcr,Sanat ve Turizm \u00c7al\u0131\u015fanlar\u0131 Hak Sendikas\u0131<\/td>\n<\/tr>\n<tr>\n<td><strong>Website<\/strong><\/td>\n<td><a href=\"http:\/\/www.kulturhaksen.org.tr\/\" target=\"_blank\" rel=\"noopener noreferrer\">www.kulturhaksen.org<\/a><\/td>\n<\/tr>\n<tr>\n<td><strong>Adres<\/strong><\/td>\n<td>Gazi Mustafa Kemal Bulvar\u0131 No:31\/10 Kat:5 \u00c7ankaya\/Ankara<\/td>\n<\/tr>\n<tr>\n<td><strong>Telefon<\/strong><\/td>\n<td>0312 229 03 25<\/td>\n<\/tr>\n<tr>\n<td><strong>Faks<\/strong><\/td>\n<td>0312 229 03 26<\/td>\n<\/tr>\n<tr>\n<td><strong>E-posta<\/strong><\/td>\n<td>iletisim@kutlurhaksen.org<\/td>\n<\/tr>\n<\/tbody>\n<\/table>\n<\/td>\n<\/tr>\n<\/tbody>\n<\/table>\n<table border=\"0\" width=\"750px\" cellspacing=\"2\" cellpadding=\"2\">\n<tbody>\n<tr>\n<td width=\"130px\">\n<div align=\"center\"><img loading=\"lazy\" decoding=\"async\" class=\"alignnone  wp-image-5600\" src=\"https:\/\/haksen.org.tr\/wp-content\/uploads\/2025\/06\/PHOTO-2025-06-11-12-27-59-300x298.jpg\" alt=\"\" width=\"111\" height=\"110\" srcset=\"https:\/\/haksen.org.tr\/wp-content\/uploads\/2025\/06\/PHOTO-2025-06-11-12-27-59-300x298.jpg 300w, https:\/\/haksen.org.tr\/wp-content\/uploads\/2025\/06\/PHOTO-2025-06-11-12-27-59-150x150.jpg 150w, https:\/\/haksen.org.tr\/wp-content\/uploads\/2025\/06\/PHOTO-2025-06-11-12-27-59-423x420.jpg 423w, https:\/\/haksen.org.tr\/wp-content\/uploads\/2025\/06\/PHOTO-2025-06-11-12-27-59.jpg 491w\" sizes=\"auto, (max-width: 111px) 100vw, 111px\" \/><\/div>\n<\/td>\n<td width=\"600px\">\n<table border=\"0\" width=\"100%\" cellspacing=\"0\" cellpadding=\"0\">\n<tbody>\n<tr>\n<td width=\"13%\"><strong>K\u0131sa Ad<\/strong><\/td>\n<td width=\"87%\">Sa\u011fl\u0131kta Hak Sendikas\u0131<\/td>\n<\/tr>\n<tr>\n<td><strong>A\u00e7\u0131k Ad<\/strong><\/td>\n<td>Sa\u011fl\u0131k ve Sosyal Hizmet Hak Sendikas\u0131<\/td>\n<\/tr>\n<tr>\n<td><strong>Website<\/strong><\/td>\n<td>www.sagliktahaksendikasi.org.tr<\/td>\n<\/tr>\n<tr>\n<td><strong>Adres<\/strong><\/td>\n<td>Rabiaana Mah. Ta\u015fma\u011fazalar Cad. 2.Vak\u0131f \u0130\u015f Merkezi No:5\/219 Yakutiye\/ERZURUM<\/td>\n<\/tr>\n<tr>\n<td><strong>Telefon<\/strong><\/td>\n<td>0533 637 75 36<\/td>\n<\/tr>\n<tr>\n<td><strong>Faks<\/strong><\/td>\n<td>\u00a0<\/td>\n<\/tr>\n<tr>\n<td><strong>E-posta<\/strong><\/td>\n<td>ilimgodekmerdan@hotmail.com<\/td>\n<\/tr>\n<\/tbody>\n<\/table>\n<\/td>\n<\/tr>\n<\/tbody>\n<\/table>\n<table style=\"height: 7px;\" border=\"0\" width=\"760\" cellspacing=\"2\" cellpadding=\"2\">\n<tbody>\n<tr>\n<td width=\"130px\">\u00a0<\/td>\n<td width=\"600px\">\u00a0<\/td>\n<\/tr>\n<\/tbody>\n<\/table>\n\n\n<p><\/p>\n","protected":false},"excerpt":{"rendered":"<p>&nbsp; K\u0131sa Ad B\u00fcro Hak-Sen A\u00e7\u0131k Ad B\u00fcro \u00c7al\u0131\u015fanlar\u0131 Hak Sendikas\u0131 Website www.burohaksen.org.tr Adres GMK Bulvar\u0131 31\/10 Kat: 5 \u00c7ankaya \/ ANKARA Telefon 0312 2290325 Faks 0312 2290326 E-posta iletisim@burohaksen.org.tr \u00a0 K\u0131sa Ad E\u011fitim Hak-Sen A\u00e7\u0131k Ad E\u011fitim, \u00d6\u011fretim ve Bilim \u00c7al\u0131\u015fanlar\u0131 Hak Sendikas\u0131 Website www.egitimhaksen.org.tr Adres K\u00fclt\u00fcr Mah. Y\u00fcksel Cad. No:28\/9\/ \u00c7ankaya\/ANKARA Telefon 0312 [&hellip;]<\/p>\n","protected":false},"author":1,"featured_media":0,"parent":0,"menu_order":0,"comment_status":"closed","ping_status":"closed","template":"","meta":{"footnotes":""},"class_list":["post-3554","page","type-page","status-publish"],"_links":{"self":[{"href":"https:\/\/haksen.org.tr\/index.php?rest_route=\/wp\/v2\/pages\/3554","targetHints":{"allow":["GET"]}}],"collection":[{"href":"https:\/\/haksen.org.tr\/index.php?rest_route=\/wp\/v2\/pages"}],"about":[{"href":"https:\/\/haksen.org.tr\/index.php?rest_route=\/wp\/v2\/types\/page"}],"author":[{"embeddable":true,"href":"https:\/\/haksen.org.tr\/index.php?rest_route=\/wp\/v2\/users\/1"}],"replies":[{"embeddable":true,"href":"https:\/\/haksen.org.tr\/index.php?rest_route=%2Fwp%2Fv2%2Fcomments&post=3554"}],"version-history":[{"count":24,"href":"https:\/\/haksen.org.tr\/index.php?rest_route=\/wp\/v2\/pages\/3554\/revisions"}],"predecessor-version":[{"id":5675,"href":"https:\/\/haksen.org.tr\/index.php?rest_route=\/wp\/v2\/pages\/3554\/revisions\/5675"}],"wp:attachment":[{"href":"https:\/\/haksen.org.tr\/index.php?rest_route=%2Fwp%2Fv2%2Fmedia&parent=3554"}],"curies":[{"name":"wp","href":"https:\/\/api.w.org\/{rel}","templated":true}]}}