{"id":3537,"date":"2017-04-24T08:31:26","date_gmt":"2017-04-24T08:31:26","guid":{"rendered":"http:\/\/haksen.org.tr\/?page_id=3537"},"modified":"2017-04-24T09:35:08","modified_gmt":"2017-04-24T09:35:08","slug":"kurulus-bildirgesi","status":"publish","type":"page","link":"https:\/\/haksen.org.tr\/?page_id=3537","title":{"rendered":"Kurulu\u015f"},"content":{"rendered":"<p>Haksen, bug\u00fcne kadar al\u0131\u015f\u0131lm\u0131\u015f tavandan tabana do\u011fru konfederasyon olu\u015fumlar\u0131n\u0131n aksine tabandan tavana bir yol izlemi\u015ftir. 25 A\u011fustos\u2019tan ba\u015flamak \u00fczere 7 ayl\u0131k s\u00fcre\u00e7 i\u00e7erisinde sendikalar\u0131n kurulu\u015funu yan\u0131nda olu\u015fumun ilkeleri geni\u015f tabanl\u0131 tart\u0131\u015fmalarla ortaya \u00e7\u0131km\u0131\u015ft\u0131r.<\/p>\n<p>Konfederasyonun olu\u015fumunda demokratik kurallar uygulanm\u0131\u015ft\u0131r. 1 Mart 2008 tarihi itibariyle faaliyette bulunan sendikalar\u0131n \u00fcye say\u0131lar\u0131na g\u00f6re 250 ki\u015filik kurucular kurulunda sendikalar\u0131n temsil edilece\u011fi say\u0131lar belirlenmi\u015ftir. Buna g\u00f6re de sendikalar genel kurullar\u0131nda karar alarak konfederasyona kat\u0131lma karar\u0131n\u0131n yan\u0131nda ve temsilcilerini de belirlemi\u015flerdir. 250 ki\u015filik kurucular kurulu ayn\u0131 zamanda bir ilk olarak konfederasyon meclisini de olu\u015fturacakt\u0131r. Meclis ba\u015fkan\u0131 sendika y\u00f6neticilerinin d\u0131\u015f\u0131nda \u00fcyeler aras\u0131ndan se\u00e7ilecektir. Mecliste kamu \u00e7al\u0131\u015fanlar\u0131n\u0131n ekonomik ve sosyal haklar\u0131yla ilgili komisyonlar\u0131n yan\u0131nda kad\u0131nlar, \u00e7ocuklar, \u00f6z\u00fcrl\u00fcler, \u00e7evre, t\u00fcketici haklar\u0131 vb. pek \u00e7ok konuda politika ve proje \u00fcretecek komisyonlar bulunacakt\u0131r. Ayr\u0131ca,gerek kamuoyunun gerekse kamu \u00e7al\u0131\u015fanlar\u0131n\u0131 rahats\u0131z eden konulardaki duyarl\u0131l\u0131\u011f\u0131m\u0131z\u0131 g\u00f6stermek i\u00e7in konfederasyon ve sendikalarda g\u00f6rev yapan t\u00fcm y\u00f6neticilere ilk defa HAKSEN taraf\u0131ndan haz\u0131rlanan \u2018Sendikal Etik \u0130lkeler S\u00f6zle\u015fmesi\u2019 imzalat\u0131lacakt\u0131r. Bu asl\u0131nda a\u00e7\u0131k bir taahh\u00fctt\u00fcr.<\/p>\n<p>Haksen, \u00e7o\u011fu sendikal yap\u0131n\u0131n i\u00e7i bo\u015f bir slogan olarak kulland\u0131\u011f\u0131 s\u00f6zde de\u011fil \u00f6zde demokratik bir sendika olacakt\u0131r. Halen gerek y\u00f6netici gerekse \u00fcye profiline bak\u0131ld\u0131\u011f\u0131nda hi\u00e7bir ayr\u0131m yap\u0131lmadan herkesin kendisini ifade edebildi\u011fi bir \u00e7at\u0131d\u0131r.<\/p>\n<p>Haksen, merkeziyet\u00e7i bir y\u00f6netim anlay\u0131\u015f\u0131 yerine yetki ve sorumluluklar\u0131n payla\u015f\u0131ld\u0131\u011f\u0131, yerel y\u00f6neticilerin \u00f6ne \u00e7\u0131kt\u0131\u011f\u0131 dinamik bir yap\u0131d\u0131r.<\/p>\n<p>Haksen, kurumsal yap\u0131s\u0131n\u0131 k\u0131sa s\u00fcrede oturtmu\u015f, \u00fcyelerinin idari sorunlar\u0131n\u0131n \u00e7\u00f6z\u00fcm\u00fcnde hukuksal mekanizmalar\u0131 an\u0131nda devreye sokabilen kararl\u0131 bir sendika olmu\u015ftur.<\/p>\n<p>Haksen, kulaktan dolma ve kirlenmi\u015f bilgilerle g\u00fcndemi takip eden bir anlay\u0131\u015f yerine, ara\u015ft\u0131ran, \u00f6\u011frenen, payla\u015fan ve yol g\u00f6steren bir anlay\u0131\u015f\u0131n sahibidir.<\/p>\n<p>Haksen, de\u011fi\u015fimin ka\u00e7\u0131n\u0131lmaz oldu\u011fu \u00e7a\u011f\u0131m\u0131zda, \u00f6nyarg\u0131l\u0131, ezberleyen, tekrarlayan ve kopyalayan bir yakla\u015f\u0131m yerine de\u011fi\u015fime a\u00e7\u0131k, akl\u0131n gereklerini ve toplumun ihtiya\u00e7ar\u0131n\u0131 bilen, \u00f6nyarg\u0131s\u0131z, dinleyen, kavrayan ve \u00e7\u00f6zen bir yakla\u015f\u0131m\u0131 esas alacakt\u0131r.<\/p>\n<p>Haksen, ki\u015filerin ve toplumlar\u0131n ya\u015fam tarzlar\u0131n\u0131 ve tercihlerini dizayn etmeye ve tek tip \u00fcyeler toplulu\u011fu olu\u015fturmaya \u00e7al\u0131\u015fmak yerine, ki\u015filerin tercihlerine sayg\u0131l\u0131 , farkl\u0131l\u0131kar\u0131 zenginlik sayan \u00f6zg\u00fcr bireylerden olu\u015fan \u00fcye toplulu\u011funu ama\u00e7lamaktad\u0131r.<\/p>\n<p>K\u0131sacas\u0131 Haksen, s\u00f6ylenemeyen ve yap\u0131lamayan t\u00fcm g\u00fczel i\u015flerin sahibi olacakt\u0131r.<\/p>\n","protected":false},"excerpt":{"rendered":"<p>Haksen, bug\u00fcne kadar al\u0131\u015f\u0131lm\u0131\u015f tavandan tabana do\u011fru konfederasyon olu\u015fumlar\u0131n\u0131n aksine tabandan tavana bir yol izlemi\u015ftir. 25 A\u011fustos\u2019tan ba\u015flamak \u00fczere 7 ayl\u0131k s\u00fcre\u00e7 i\u00e7erisinde sendikalar\u0131n kurulu\u015funu yan\u0131nda olu\u015fumun ilkeleri geni\u015f tabanl\u0131 tart\u0131\u015fmalarla ortaya \u00e7\u0131km\u0131\u015ft\u0131r. Konfederasyonun olu\u015fumunda demokratik kurallar uygulanm\u0131\u015ft\u0131r. 1 Mart 2008 tarihi itibariyle faaliyette bulunan sendikalar\u0131n \u00fcye say\u0131lar\u0131na g\u00f6re 250 ki\u015filik kurucular kurulunda sendikalar\u0131n temsil [&hellip;]<\/p>\n","protected":false},"author":1,"featured_media":0,"parent":0,"menu_order":0,"comment_status":"closed","ping_status":"closed","template":"","meta":{"footnotes":""},"class_list":["post-3537","page","type-page","status-publish"],"_links":{"self":[{"href":"https:\/\/haksen.org.tr\/index.php?rest_route=\/wp\/v2\/pages\/3537","targetHints":{"allow":["GET"]}}],"collection":[{"href":"https:\/\/haksen.org.tr\/index.php?rest_route=\/wp\/v2\/pages"}],"about":[{"href":"https:\/\/haksen.org.tr\/index.php?rest_route=\/wp\/v2\/types\/page"}],"author":[{"embeddable":true,"href":"https:\/\/haksen.org.tr\/index.php?rest_route=\/wp\/v2\/users\/1"}],"replies":[{"embeddable":true,"href":"https:\/\/haksen.org.tr\/index.php?rest_route=%2Fwp%2Fv2%2Fcomments&post=3537"}],"version-history":[{"count":2,"href":"https:\/\/haksen.org.tr\/index.php?rest_route=\/wp\/v2\/pages\/3537\/revisions"}],"predecessor-version":[{"id":3558,"href":"https:\/\/haksen.org.tr\/index.php?rest_route=\/wp\/v2\/pages\/3537\/revisions\/3558"}],"wp:attachment":[{"href":"https:\/\/haksen.org.tr\/index.php?rest_route=%2Fwp%2Fv2%2Fmedia&parent=3537"}],"curies":[{"name":"wp","href":"https:\/\/api.w.org\/{rel}","templated":true}]}}